	{"id":40,"date":"2011-12-12T13:53:42","date_gmt":"2011-12-12T13:53:42","guid":{"rendered":"http:\/\/test.lipavsky.com\/ts\/?page_id=40"},"modified":"2015-07-22T13:28:56","modified_gmt":"2015-07-22T13:28:56","slug":"nasi-partneri","status":"publish","type":"page","link":"https:\/\/www.total-solutions.cz\/?page_id=40","title":{"rendered":"Na\u0161i partne\u0159i"},"content":{"rendered":"<p>P\u0159i v\u00fdvoji softwarov\u00fdch \u0159e\u0161en\u00ed aktivn\u011b spolupracujeme s n\u00e1sleduj\u00edc\u00edmi partnery.<\/p>\n<ul>\n<li>Burza cenn\u00fdch pap\u00edr\u016f Praha, a.s<\/li>\n<li>Pra\u017esk\u00e1 energetick\u00e1 burza (PXE)<\/li>\n<li>MTS Group<\/li>\n<li>GL TRADE<\/li>\n<li>Trema<\/li>\n<li>Reuters<\/li>\n<li>Oracle<\/li>\n<li>Sun Microsystems<\/li>\n<li>Microsoft<\/li>\n<li>Borland<\/li>\n<li>Misys<\/li>\n<\/ul>\n","protected":false},"excerpt":{"rendered":"<p>P\u0159i v\u00fdvoji softwarov\u00fdch \u0159e\u0161en\u00ed aktivn\u011b spolupracujeme s n\u00e1sleduj\u00edc\u00edmi partnery. Burza cenn\u00fdch pap\u00edr\u016f Praha, a.s Pra\u017esk\u00e1 energetick\u00e1 burza (PXE) MTS Group GL TRADE Trema Reuters Oracle Sun Microsystems Microsoft Borland Misys<\/p>\n","protected":false},"author":1,"featured_media":0,"parent":0,"menu_order":0,"comment_status":"open","ping_status":"open","template":"","meta":[],"_links":{"self":[{"href":"https:\/\/www.total-solutions.cz\/index.php?rest_route=\/wp\/v2\/pages\/40"}],"collection":[{"href":"https:\/\/www.total-solutions.cz\/index.php?rest_route=\/wp\/v2\/pages"}],"about":[{"href":"https:\/\/www.total-solutions.cz\/index.php?rest_route=\/wp\/v2\/types\/page"}],"author":[{"embeddable":true,"href":"https:\/\/www.total-solutions.cz\/index.php?rest_route=\/wp\/v2\/users\/1"}],"replies":[{"embeddable":true,"href":"https:\/\/www.total-solutions.cz\/index.php?rest_route=%2Fwp%2Fv2%2Fcomments&post=40"}],"version-history":[{"count":6,"href":"https:\/\/www.total-solutions.cz\/index.php?rest_route=\/wp\/v2\/pages\/40\/revisions"}],"predecessor-version":[{"id":89,"href":"https:\/\/www.total-solutions.cz\/index.php?rest_route=\/wp\/v2\/pages\/40\/revisions\/89"}],"wp:attachment":[{"href":"https:\/\/www.total-solutions.cz\/index.php?rest_route=%2Fwp%2Fv2%2Fmedia&parent=40"}],"curies":[{"name":"wp","href":"https:\/\/api.w.org\/{rel}","templated":true}]}}